24. Suppose -a*o + 27 = o. Suppose 5*p - 2*k = 204, -p = 3*k + o - 43. What is the tens digit of p?
4
Let b(x) be the second derivative of -5*x**3 + x**2 - 5*x + 4. What is the units digit of b(-5)?
2
What is the tens digit of (-636)/(-3*4/6)?
1
Suppose 2*q + 348 = 2*n + 3*q, 2*n + 5*q = 340. Suppose -1415 + n = -5*f. What is the tens digit of f?
4
Let k = 6 - 6. Suppose -5*b = -4*i - 415, 2*b + i - 91 - 75 = k. Let r = -46 + b. What is the units digit of r?
7
Suppose 136 = 5*d - 249. What is the units digit of d?
7
Suppose o + 4*j - 33 = 0, 0 = -5*o + 4*o + 5*j - 3. Suppose -16 - o = -3*x. What is the tens digit of x?
1
Let u(w) = -w**2 - 3*w + 4. Let j be u(-3). Let z be -1 + -2 + j + 30. Suppose 4*p = -3 + z. What is the units digit of p?
7
Let f(s) be the second derivative of -s**3/6 + 27*s**2/2 + 65*s. Let q(t) = 2*t. Let d be q(6). What is the tens digit of f(d)?
1
Let o be 4 - 1 - 1*-3. Suppose -99 = -9*g + o*g. What is the units digit of (-6)/g + 303/33?
9
Suppose -3*q - q + 16 = 0, -3*q = 5*x - 607. Suppose -205 - x = -3*i. Suppose i = 2*m + 2*m. What is the tens digit of m?
2
Suppose -5*u + n + 3233 = -97, -3*n + 666 = u. What is the tens digit of u?
6
Suppose 8*l - 3 = 5*l. Suppose 0 = -q + l + 4. Suppose 3*w + q = 65. What is the tens digit of w?
2
Suppose -36 = -3*o - 3*o. Suppose 6*t - 12 - o = 0. Suppose g - 220 = -t*g. What is the tens digit of g?
5
What is the units digit of -4 + 136/12 + (-4)/3?
6
Let w = 288 - 40. Suppose 3*p - p - 2*o = 472, p + 5*o = w. What is the hundreds digit of p?
2
Let x(j) = j**3 - 8*j**2 - 2*j + 9. Let a(s) = 9*s**2. Let o be a(1). What is the tens digit of x(o)?
7
Suppose 29735 + 24727 = 58*m. What is the tens digit of m?
3
What is the tens digit of 1156 + (-11)/33*3?
5
Suppose 0 = 5*v - 3*v - 752. Suppose -k - 509 = -4*o, 0*o - 5*k + v = 3*o. Suppose 41 = -2*m + o. What is the units digit of m?
3
What is the units digit of (386 + -14)*(-3)/(-2)?
8
Let w = 99 - -9. Let n(c) = 4*c**2 - 61 + c**3 - c + w - 3*c**2. What is the tens digit of n(0)?
4
Suppose -4*p + 6*p = 22. Suppose h - d + 1 = 0, 3*h - 2*d + p = -d. Let f(q) = q**2 - 3. What is the tens digit of f(h)?
2
Let q be ((-78)/4)/(-3) + (-24)/16. Suppose -270 = q*s - 8*s. What is the units digit of s?
0
Suppose -7*r - 3553 = 10*r. Let i = 303 + r. What is the tens digit of i?
9
Suppose -2*o - 46 = -g + 57, -5 = o. What is the units digit of g?
3
Let t(p) = -5*p**3 - 2*p**2 + 1. Let i be t(-1). Suppose 150 = g + i*g. What is the tens digit of (-6)/((g/63)/(-5))?
6
Let s(f) = -f**3 - 11*f**2 + 10*f - 10. Suppose 45 = -4*o - 3. What is the units digit of s(o)?
4
Suppose 3 + 7 = 5*h. Suppose -45 = r - h*r. What is the tens digit of r?
4
What is the hundreds digit of 171/((-2)/(-15)*6/12)?
5
Suppose -3*u - 8*u = -1507. What is the units digit of u?
7
What is the thousands digit of -11*(4 - -3 - 196)?
2
Let g = -488 - -749. What is the hundreds digit of g?
2
Suppose 6601 + 677 = 6*r. What is the tens digit of r?
1
Let q(z) = 4*z**3 + 7*z + z**2 - 5*z**2 - 2*z**3 - 5 + 2*z**2. Let g(j) = j**3 - j**2 + 4*j - 3. Let p(a) = -11*g(a) + 6*q(a). What is the units digit of p(3)?
5
Let j(b) = -b**3 - 6*b**2 + 24*b - 14. What is the tens digit of j(-10)?
4
Let h = 89 + -61. Let c = -39 + 19. Let u = c + h. What is the units digit of u?
8
Suppose -30*l - 2*k = -28*l - 490, 4*k + 520 = 2*l. What is the hundreds digit of l?
2
Let z = 1272 - 500. What is the units digit of z?
2
Let b(i) = i**3 - 49 + 37 + 113. What is the tens digit of b(0)?
0
Suppose 18342 = 49*o - 43*o. What is the units digit of o?
7
Let b = -61 - -60. Suppose 0 = -0*o + 3*o - 105. What is the units digit of (o/(-25))/(b/5)?
7
Suppose 2*j = -4*y + 5610, j - 7008 = 7*y - 12*y. What is the tens digit of y?
0
Let i = 28 - -59. Let f(n) = -6*n**2 - n + 1. Let p be f(-3). Let a = p + i. What is the tens digit of a?
3
Suppose -3*f - 40 = 2*z, 3*f - 2*f + z + 15 = 0. What is the hundreds digit of 3240/28 + f/(-35)?
1
Suppose 4*s - 30 = -2*y, 50 = 11*s - 6*s + 5*y. Let m be (2*1)/((-2)/(-6)). What is the tens digit of 50/m*(s - 2)?
2
What is the hundreds digit of 67*9 - (-2)/(-8 - -6)?
6
Let u = 1126 - 663. What is the tens digit of u?
6
Suppose 0*a = -4*a - 3*m + 2717, 5*a - 3404 = 4*m. What is the hundreds digit of a?
6
Let j be 71/(0 - (2 - 3)). Suppose -4*u + j = -3*u. What is the units digit of u?
1
Suppose -295 = -5*x + 5*n, n = 4*x - 2*n - 238. Suppose -p - p = t - x, -t = -4*p + 137. What is the tens digit of p?
3
Let w = 82 + -88. What is the tens digit of 2/(-4)*(w/2 + -423)?
1
Suppose -4*z - 16 = 0, 60*z = -5*n + 55*z + 7915. What is the hundreds digit of n?
5
Suppose 0 = 36*s - 33*s - 9. Let y(t) = 5*t**2 - 5*t + 2. What is the tens digit of y(s)?
3
Suppose 0 = -b + 2*z + 314 + 486, -2*b - 4*z + 1600 = 0. What is the units digit of b?
0
Let k be 71*(7 + -3 + -3). Let f = k - 48. What is the units digit of f?
3
Let r(g) = -g**3 + g - 3. Let w be r(0). What is the units digit of (92/w)/(18/(-27))?
6
Let o = 32 + -43. What is the units digit of 22/o*18/(-4)?
9
Let c(l) be the second derivative of -l**5/20 - l**4/12 + l**3/6 + 77*l**2 + 6*l. What is the units digit of c(0)?
4
Let v = -274 - -875. Let l = -356 + v. What is the tens digit of l?
4
Suppose 0 = 3*s - 38 + 8. Suppose -3*k - 4*g = -s, -4 = -3*k - k + 4*g. Suppose -55 = -f + 3*d, 0 = f - k*f + 4*d + 53. What is the units digit of f?
1
Let p(j) = -738*j + 17. What is the hundreds digit of p(-1)?
7
Let s = -6 + 73. Let y = s + -38. What is the tens digit of y?
2
Let s = -11 + 15. What is the tens digit of 68 + (-1)/(-1) + s?
7
Let k(g) = -3*g - 4. Let p be k(-3). Suppose 55 = a - p*c, -4*a - 45 = 5*c - 240. What is the tens digit of a?
5
Let v = 322 + -184. Suppose -3*o = -150 - v. What is the units digit of o?
6
Suppose 5*a - 244 = 4*o - 1181, 943 = 4*o - 3*a. What is the tens digit of o?
3
Let c(s) = 0*s**3 + 0*s**3 - 12*s**2 - 8*s + 5*s**2 - s**3. Let i be (2 - 1)/(-1) + -5. What is the tens digit of c(i)?
1
Let u(w) be the second derivative of -3*w**3 - 6*w**2 + 12*w. What is the units digit of u(-7)?
4
Let z be 2*55/30 + 2/6. Let l = -5 - -2. Let t = z + l. What is the units digit of t?
1
Let m(w) = w - 3. Let y be m(6). Suppose -y*b + b + 6 = 0. What is the units digit of (b/(-6))/(2/(-12))?
3
Let q(w) = -w**2 - 2*w - 7. Let y be q(-7). Let x be (-7)/y - (-106)/12. What is the tens digit of (-3)/x + (-364)/(-12)?
3
Suppose 0 = 18*i - 77*i + 90329. What is the units digit of i?
1
What is the units digit of ((-2)/(-12) + (-116180)/120)*-1?
8
Let t = -9 + 14. Suppose 0 = 3*n - t*l - 92, -n + 28 - 8 = l. Let p = 43 - n. What is the units digit of p?
9
Let a = -5553 - -10664. What is the units digit of a?
1
Let x = -1033 - -1520. What is the units digit of x?
7
Suppose -5*z = -5*f + 6125, -4*f - 3*z + 222 = -4685. What is the units digit of f?
6
Let w(p) = p**3 - 10*p**2 + 9*p - 8. Let t be w(9). Let a = t - -9. What is the units digit of -2 - (-3 - (5 + a))?
7
Let o = -515 + 860. What is the units digit of o?
5
Let s(i) = 5*i - 15. Let n be s(4). Let a = n + 89. What is the units digit of a?
4
Let m be -1*(4 - (-3 - 0)) - 1. What is the hundreds digit of 10206/72 - 2/m?
1
What is the hundreds digit of (-990 - (0 + -2))/((-13)/13)?
9
Let n be (-13)/(-11) + (-108)/594. Suppose -k + 12 = 2*m, -k = -5*m + 3*m + 8. What is the units digit of -10*m/(-10) - n?
4
Suppose 13*r + 96 = 16*r. What is the units digit of r/208 + (-308)/(-26)?
2
Let h = -858 - -1696. What is the units digit of h?
8
Let h(r) = 2*r + 7. Let l be (2 + -53)*(-6)/9. Suppose -5*w = 5*s - 1 - l, 4*s = 5*w - 17. What is the tens digit of h(w)?
1
Suppose -105*x - 43317 = -325032. What is the tens digit of x?
8
Let r be ((-12)/15)/(2/(-235)). Suppose -168 = 87*m - r*m. What is the tens digit of m?
2
Suppose 51*d - 64769 - 22084 = 0. What is the units digit of d?
3
Suppose b = -11*b + 3552. Suppose 4*f - 130 - 43 = -3*t, -f - b = -5*t. What is the units digit of t?
9
Let z be (0*4/(-12))/(-2). Suppose z = -3*r - 10 + 4. What is the units digit of 5 - (-9 - r - -3)?
9
Let v(g) = -g**2 - 9*g - 4. Let h be v(-8). Suppose c - 2*n = -5*n + 24, 0 = -c - h*n + 28. What is the units digit of c?
2
Suppose -h = -4*j - 23, -4*h + j = -35 - 27. Suppose p = -4*w + 13 + h, 4 = 2*w + 3